{"id":36,"date":"2024-07-18T22:13:32","date_gmt":"2024-07-18T20:13:32","guid":{"rendered":"http:\/\/naumanns.storis.de\/?page_id=36"},"modified":"2024-07-19T00:17:34","modified_gmt":"2024-07-18T22:17:34","slug":"home","status":"publish","type":"page","link":"https:\/\/www.naumanns-klubhaus.de\/","title":{"rendered":"Home"},"content":{"rendered":"\n<figure class=\"wp-block-image size-large is-style-default\"><img loading=\"lazy\" decoding=\"async\" width=\"1024\" height=\"389\" src=\"http:\/\/naumanns.storis.de\/wp-content\/uploads\/2024\/07\/Klubhauspdflogo1-1024x389.jpg\" alt=\"\" class=\"wp-image-57\" style=\"object-fit:cover\" srcset=\"https:\/\/www.naumanns-klubhaus.de\/wp-content\/uploads\/2024\/07\/Klubhauspdflogo1-1024x389.jpg 1024w, https:\/\/www.naumanns-klubhaus.de\/wp-content\/uploads\/2024\/07\/Klubhauspdflogo1-300x114.jpg 300w, https:\/\/www.naumanns-klubhaus.de\/wp-content\/uploads\/2024\/07\/Klubhauspdflogo1-768x292.jpg 768w, https:\/\/www.naumanns-klubhaus.de\/wp-content\/uploads\/2024\/07\/Klubhauspdflogo1-1536x583.jpg 1536w, https:\/\/www.naumanns-klubhaus.de\/wp-content\/uploads\/2024\/07\/Klubhauspdflogo1-2048x777.jpg 2048w, https:\/\/www.naumanns-klubhaus.de\/wp-content\/uploads\/2024\/07\/Klubhauspdflogo1-1200x456.jpg 1200w, https:\/\/www.naumanns-klubhaus.de\/wp-content\/uploads\/2024\/07\/Klubhauspdflogo1-900x342.jpg 900w, https:\/\/www.naumanns-klubhaus.de\/wp-content\/uploads\/2024\/07\/Klubhauspdflogo1-400x152.jpg 400w\" sizes=\"(max-width: 1024px) 100vw, 1024px\" \/><\/figure>\n\n\n\n<p><strong>Klubhaus beim TuS L\u00fcbeck 93<\/strong><\/p>\n\n\n\n<p><strong style=\"overflow-wrap: break-word;\"><\/strong>Schlutuper Str. 37<br>23566 L\u00fcbeck<br>Deutschland<br>+49 451 63879<\/p>\n\n\n\n<p><strong>\u00d6ffnungszeiten<\/strong> :<br>Mittwoch \u2013 Samstag<br>15:00 \u2013 22:00\u00a0Uhr<br>K\u00fcche von 16:30 bis 21:00 Uhr<\/p>\n","protected":false},"excerpt":{"rendered":"<p>Klubhaus beim TuS L\u00fcbeck 93 Schlutuper Str. 3723566 L\u00fcbeckDeutschland+49 451 63879 \u00d6ffnungszeiten :Mittwoch \u2013 Samstag15:00 \u2013 22:00\u00a0UhrK\u00fcche von 16:30 bis 21:00 Uhr<\/p>\n","protected":false},"author":1,"featured_media":0,"parent":0,"menu_order":0,"comment_status":"closed","ping_status":"closed","template":"page-templates\/no-title.php","meta":{"footnotes":""},"class_list":["post-36","page","type-page","status-publish","hentry"],"_links":{"self":[{"href":"https:\/\/www.naumanns-klubhaus.de\/index.php?rest_route=\/wp\/v2\/pages\/36"}],"collection":[{"href":"https:\/\/www.naumanns-klubhaus.de\/index.php?rest_route=\/wp\/v2\/pages"}],"about":[{"href":"https:\/\/www.naumanns-klubhaus.de\/index.php?rest_route=\/wp\/v2\/types\/page"}],"author":[{"embeddable":true,"href":"https:\/\/www.naumanns-klubhaus.de\/index.php?rest_route=\/wp\/v2\/users\/1"}],"replies":[{"embeddable":true,"href":"https:\/\/www.naumanns-klubhaus.de\/index.php?rest_route=%2Fwp%2Fv2%2Fcomments&post=36"}],"version-history":[{"count":5,"href":"https:\/\/www.naumanns-klubhaus.de\/index.php?rest_route=\/wp\/v2\/pages\/36\/revisions"}],"predecessor-version":[{"id":63,"href":"https:\/\/www.naumanns-klubhaus.de\/index.php?rest_route=\/wp\/v2\/pages\/36\/revisions\/63"}],"wp:attachment":[{"href":"https:\/\/www.naumanns-klubhaus.de\/index.php?rest_route=%2Fwp%2Fv2%2Fmedia&parent=36"}],"curies":[{"name":"wp","href":"https:\/\/api.w.org\/{rel}","templated":true}]}}