{"id":10,"date":"2024-07-18T22:13:35","date_gmt":"2024-07-18T20:13:35","guid":{"rendered":"http:\/\/naumanns.storis.de\/?page_id=10"},"modified":"2024-07-19T05:19:22","modified_gmt":"2024-07-19T03:19:22","slug":"reservations","status":"publish","type":"page","link":"https:\/\/www.naumanns-klubhaus.de\/?page_id=10","title":{"rendered":"Reservierungen"},"content":{"rendered":"\n<h4 class=\"wp-block-heading\">TELEFON UND E-MAIL<\/h4>\n\n\n\n<p>Unter <a href=\"tel:+4941563879\">+49 451 63879<\/a> k\u00f6nnen Sie Mittwoch bis Samstag zwischen 15:00 und 22:00 Uhr einen Tisch reservieren. Alternativ erreichen Sie uns auch per E-Mail unter <a href=\"mailto:kontakt@naumanns-klubhaus.de\">kontakt@naumanns-klubhaus.de<\/a><\/p>\n\n\n\n<p><\/p>\n\n\n\n<h3 class=\"wp-block-heading\">VERANSTALTUNGEN<\/h3>\n\n\n\n<h4 class=\"wp-block-heading\"><strong>SPEISESAAL<\/strong><\/h4>\n\n\n\n<p>In unserem Speisesaal k\u00f6nnen bis zu 120 Personen gleichzeitig speisen.<\/p>\n\n\n\n<p>In der Standardkonfiguration haben wir 8 Tische f\u00fcr jeweils 8 Personen sowie eine Tanzfl\u00e4che<\/p>\n\n\n\n<h4 class=\"wp-block-heading\">TERRASSEN<\/h4>\n\n\n\n<p>Auf zwei Terrassen vor und hinter dem Klubhaus finden jeweils 20 Personen Platz.<\/p>\n\n\n\n<p>Kontaktieren Sie uns, um einen Tisch oder einen ganzen Raum zu reservieren<\/p>\n","protected":false},"excerpt":{"rendered":"<p>TELEFON UND E-MAIL Unter +49 451 63879 k\u00f6nnen Sie Mittwoch bis Samstag zwischen 15:00 und 22:00 Uhr einen Tisch reservieren. Alternativ erreichen Sie uns auch per E-Mail unter kontakt@naumanns-klubhaus.de VERANSTALTUNGEN SPEISESAAL In unserem Speisesaal k\u00f6nnen bis zu 120 Personen gleichzeitig speisen. In der Standardkonfiguration haben wir 8 Tische f\u00fcr jeweils 8 Personen sowie eine Tanzfl\u00e4che [&hellip;]<\/p>\n","protected":false},"author":1,"featured_media":116,"parent":0,"menu_order":0,"comment_status":"closed","ping_status":"closed","template":"","meta":{"footnotes":""},"class_list":["post-10","page","type-page","status-publish","has-post-thumbnail","hentry"],"_links":{"self":[{"href":"https:\/\/www.naumanns-klubhaus.de\/index.php?rest_route=\/wp\/v2\/pages\/10"}],"collection":[{"href":"https:\/\/www.naumanns-klubhaus.de\/index.php?rest_route=\/wp\/v2\/pages"}],"about":[{"href":"https:\/\/www.naumanns-klubhaus.de\/index.php?rest_route=\/wp\/v2\/types\/page"}],"author":[{"embeddable":true,"href":"https:\/\/www.naumanns-klubhaus.de\/index.php?rest_route=\/wp\/v2\/users\/1"}],"replies":[{"embeddable":true,"href":"https:\/\/www.naumanns-klubhaus.de\/index.php?rest_route=%2Fwp%2Fv2%2Fcomments&post=10"}],"version-history":[{"count":2,"href":"https:\/\/www.naumanns-klubhaus.de\/index.php?rest_route=\/wp\/v2\/pages\/10\/revisions"}],"predecessor-version":[{"id":56,"href":"https:\/\/www.naumanns-klubhaus.de\/index.php?rest_route=\/wp\/v2\/pages\/10\/revisions\/56"}],"wp:featuredmedia":[{"embeddable":true,"href":"https:\/\/www.naumanns-klubhaus.de\/index.php?rest_route=\/wp\/v2\/media\/116"}],"wp:attachment":[{"href":"https:\/\/www.naumanns-klubhaus.de\/index.php?rest_route=%2Fwp%2Fv2%2Fmedia&parent=10"}],"curies":[{"name":"wp","href":"https:\/\/api.w.org\/{rel}","templated":true}]}}